alculate the highest common factor of 4 and s.
4
Let z(c) be the first derivative of c**4/4 - 5*c**3/3 - 3*c**2/2 + 2*c + 2. Let b be z(6). What is the highest common divisor of 10 and b?
10
Suppose 3*k - 4*k - r = -38, -122 = -3*k - r. Calculate the greatest common factor of k and 14.
14
Let u be -1 + 1 + 16/(-16). Let h = 7 + u. What is the greatest common factor of h and 15?
3
Let d = 34 - 22. What is the greatest common factor of 36 and d?
12
Let q = -22 - -79. Calculate the greatest common factor of q and 19.
19
Suppose 4*z = -m + 32 + 80, -2*m + 260 = -z. What is the highest common factor of m and 16?
16
Let k = -48 + 69. Suppose a - 81 = -k. Suppose 4*j - 52 = -4. Calculate the greatest common factor of a and j.
12
Let z be (8/2)/(2/3). Let d be 12/(-20) - z/(-10). Let r(j) = j**2 + 4. Let h be r(d). Calculate the greatest common divisor of h and 32.
4
Suppose 12 = -5*t + 27. Let m be -1 + (9/t - -25). What is the greatest common divisor of m and 3?
3
Let z(w) be the first derivative of 2*w**2 + w + 1. Let h be z(8). Calculate the highest common divisor of 11 and h.
11
Suppose -g + 50 = 8. Let r(a) = -5*a + 2. Let h be r(3). Let b = g - h. Calculate the greatest common divisor of 11 and b.
11
Suppose -4*p = 3*q + p - 206, -4*q + 328 = -4*p. Let b(t) = 18*t**3 + t + 1. Let r be b(-1). Let h = r - -29. What is the greatest common divisor of h and q?
11
Let r = 199 + -103. Calculate the highest common divisor of 12 and r.
12
Suppose 0 = 2*a - a. Suppose -3*c + 2*c + 50 = a. Calculate the highest common factor of 20 and c.
10
Suppose -j + 2*j = 33. Let q be (-2)/(1 + (-1)/2). Let v = -1 - q. Calculate the highest common factor of v and j.
3
Suppose -n = 5*u - 29, -3*n = 2*n + 2*u - 99. Let c = 2 + n. Let k = 68 + -47. Calculate the greatest common divisor of c and k.
21
Let m be (-22710)/(-135) - 4/18. Calculate the highest common factor of 24 and m.
24
Suppose 0 = -0*a + a. Let t be (a + -1 - 2)*-8. What is the highest common factor of t and 6?
6
Suppose 5*i - 375 = -5*t, -i + 75 = -4*t + 2*t. Let u be (-12*6/(-120))/(2/50). Calculate the highest common divisor of u and i.
15
Let z(b) = b**3 + 4*b**2 - 6*b - 1. Let v be z(-4). Calculate the greatest common factor of 207 and v.
23
Suppose -228 = -4*k - 124. Let n(s) = 10*s**2 - s + 1. Let t be n(2). Calculate the highest common divisor of k and t.
13
Suppose 0 = -f + 7 - 2, 0 = -2*s + f + 37. Calculate the greatest common factor of 14 and s.
7
Suppose -5*h = -o + 29, o + o - 5*h = 33. Let r be -2*(-26)/o - -1. Calculate the highest common divisor of 126 and r.
14
Let x = 16 + -10. Suppose -5*w + 0*w + 2*k + 52 = 0, -w = k - 16. What is the highest common divisor of x and w?
6
Let j be (-7)/(3*-1 + 2). Let z(i) = -i**2 - 7*i - 5. Let w be z(-1). What is the greatest common divisor of w and j?
1
Suppose -65 - 310 = 5*c. Let t(s) = -2*s**3 - s**2 + 1. Let z be t(1). Let a be (1 + -2)*c - z. Calculate the greatest common divisor of 7 and a.
7
Suppose -3*t + 11 = -1. Let d be (-1)/(-1 - 0)*4. Calculate the greatest common divisor of t and d.
4
Let g be 8/(-4 + (-132)/(-32)). What is the greatest common factor of 8 and g?
8
Let y = -5 + 17. Suppose 0 = -2*p + 12 + 24. Calculate the greatest common divisor of p and y.
6
Let o = 445 - 255. Calculate the highest common factor of o and 10.
10
Let d be (1 + -3)*-1 - -18. Suppose -3*v = -n + 22, v + 2*v + 18 = -3*n. Let c be (-1)/(((-21)/(-30))/v). Calculate the highest common divisor of d and c.
10
Let c be 49 + 2 + 1 + 0. Let g be 11 - 8/(12/(-3)). Calculate the highest common divisor of g and c.
13
Suppose -3*b + b + v + 18 = 0, -3*b - 5*v + 1 = 0. Suppose b = -2*d + 39. Suppose 0*z + 48 = z. What is the greatest common divisor of z and d?
16
Suppose 4*v - 4 = -5*p, -2*p + v - 12 = 6*v. Suppose 0 = p*m - 3*s - 0*s - 22, -2*m = 5*s - 24. Calculate the greatest common divisor of 70 and m.
7
Let l be (-4)/(-10) - -4*57/5. Let a = 156 - 41. Calculate the greatest common factor of l and a.
23
Let j(r) = r**3 + r + 88. Let a be (0 - -1)*0/3. Let k be j(a). What is the highest common factor of k and 11?
11
Suppose -3*f = -4*u - 39 - 11, 0 = 3*u - 3. Calculate the greatest common factor of 288 and f.
18
Suppose -3*q + 6 = -q. Calculate the greatest common divisor of q and 15.
3
Suppose -2*o = o - 15. Suppose o*w + c = 50, 3*w - c = 37 - 7. Calculate the highest common divisor of w and 4.
2
Let s = 220 + -211. Calculate the greatest common divisor of s and 12.
3
Let i(g) = -g**3 + 3*g**2 + g - 4. Let z be i(2). Let x be -1 + z - (-1 - 16). Calculate the greatest common divisor of x and 6.
6
Let y = 93 - 63. Suppose -5*v + 4*v - 12 = 0. Let g = v - -22. Calculate the greatest common divisor of g and y.
10
Suppose 4*h - 11*h + 21 = 0. What is the highest common divisor of 4 and h?
1
Let z be (-5 - 0)*1/(-1). Let x = z - 3. Let h be (-12)/(-1)*(-24)/(-16). What is the greatest common divisor of x and h?
2
Suppose -y = 2*c + c - 13, 2*y + 3*c = 26. Let m = y - 7. What is the highest common factor of m and 54?
6
Let t(f) = -f**3 - f**2 - f + 6. Let p be t(0). Calculate the highest common divisor of 4 and p.
2
Let s be -3 + 2 + (3 - 4). Let q be 1 + 12 + (s - 0). Calculate the greatest common factor of q and 22.
11
Suppose -96 = -t - 5*t. What is the greatest common divisor of t and 2?
2
Suppose 8 = -5*t + 268. Calculate the greatest common divisor of 130 and t.
26
Suppose -2*s + 3*s + 12 = 0. Let k = s + 47. Calculate the greatest common factor of k and 14.
7
Suppose 112 = 3*l + l. Let z be (-8)/l - (-438)/14. Let h = z + -14. Calculate the greatest common factor of 170 and h.
17
Suppose 6*x + 112 = 13*x. Calculate the greatest common divisor of x and 32.
16
Let p = 559 - 367. Calculate the highest common factor of 12 and p.
12
Let n(b) = -2*b + 2. Let t be n(5). Let g = 12 - t. Suppose 5*a = 4*y - y + 253, -3*y + 247 = 5*a. Calculate the greatest common divisor of a and g.
10
Suppose 0 = -7*t + 6*t + 42. Calculate the greatest common factor of t and 3.
3
Let s be ((-24)/9 - -1)*9. Let m = 28 + s. Suppose 30 - 186 = -4*z. What is the greatest common factor of z and m?
13
Let q(x) = 2*x**3 - 2*x**2 - x - 2. Let f be q(2). Suppose w + 2*d - d = 2, d - 11 = -f*w. What is the greatest common factor of w and 21?
3
Suppose -d - 5*a - 10 = 0, -20 = d + a + 2*a. Let p be (d/10)/((-1)/8). Calculate the greatest common factor of 42 and p.
14
Let y = 18 - 13. Suppose 2*p + o = 34, -y*p + 18 + 69 = 2*o. Let b = 27 - p. What is the highest common factor of b and 4?
4
Let w(q) = 2*q. Let d be w(1). Suppose -3 = -3*t + 6. Suppose t*f - 9 = -3*v, -f + d - 3 = -3*v. Calculate the greatest common divisor of 10 and f.
2
Let w(o) = -o**2 - 2*o - 3. Let j be w(-3). Let h = 16 + j. Let d = 10 + h. What is the highest common factor of d and 50?
10
Suppose 0 = o + c - 258, 0 = o + 2*o + 5*c - 770. Suppose o = 3*x - 5*d, x - 4*d = -3*x + 336. Calculate the greatest common divisor of x and 16.
16
Let u be 48/(-2*-3*(-2)/(-8)). Calculate the greatest common factor of u and 24.
8
Let x(o) = -o**3 - 3*o**2 + 3*o + 1. Let b be x(-4). Let m = -1 + b. Calculate the greatest common divisor of m and 44.
4
Suppose 2*v + 5 = 13. Suppose v*s - 24 = 2*s. Calculate the highest common divisor of s and 8.
4
Let k be ((-2)/(-4)*-1)/((-29)/754). Calculate the greatest common factor of 65 and k.
13
Let n be -2*((-39)/6 - 1). Let m = n - 4. Calculate the highest common divisor of m and 88.
11
Suppose -7*u = -6*u - 12. What is the greatest common factor of 8 and u?
4
Let f(s) = s**2 - s. Let l be f(12). Calculate the highest common divisor of 12 and l.
12
Suppose -4*i + 3*k = -771, 369 = 2*i + 4*k + 11. Let f = -133 + i. Calculate the highest common divisor of 140 and f.
28
Let d be (-1 - -2)/1*3. Suppose 2*m + 5*q = -d, -q + 36 = 5*m + 9. Calculate the greatest common divisor of 9 and m.
3
Let d(n) = 8*n**2 + 3*n + 10. Let c be d(-2). Let f = 6 + -1. Suppose 8*x = -p + 3*x + 24, -2*p = f*x - 28. What is the highest common divisor of p and c?
4
Suppose 2*u = -0*u + 160. Calculate the greatest common factor of u and 40.
40
Suppose 0*u - 5*u = 2*m + 56, 2*m = 4. Let k be 45/4 - (-3)/u. What is the greatest common divisor of 1 and k?
1
Suppose -5*n = 2*n - 280. Calculate the highest common factor of n and 